3 and i?
23
Let t = -50 - -267. Let i = -148 + t. Let n(j) = -j**3 + 4*j**2 - 11*j + 23. Let d be n(0). Calculate the greatest common divisor of d and i.
23
Suppose -4*a + 26 = -3*u, -a + 25 = 4*u + 9. Calculate the highest common factor of a and 40.
8
Let l be (((-4)/(-2))/(-6))/(1/15). Let o be (-7)/(2 - (-4 - 31/l)). Let v(s) = -2*s - 1. Let g be v(-4). What is the highest common divisor of g and o?
7
Let d(c) = 8*c**2 - 4. Let v be d(-3). What is the greatest common factor of 8 and v?
4
Let b be ((-1)/3 + (-496)/24)/(-1). Suppose 4*z + 23 = 3*q, -4*q - 3*z = -2*q - b. What is the highest common factor of q and 18?
9
Let k be 21948/36 + 7/3. What is the greatest common factor of 36 and k?
36
Suppose 4*u + z - 60 = 251, 6 = 2*z. What is the greatest common divisor of 1694 and u?
77
Let c(r) = -r**3 - r**2 - r + 68. Let u be c(0). Let n = 75 - u. What is the greatest common divisor of 21 and n?
7
Suppose 2*v + 2 = 4, -392 = -2*f + 4*v. Calculate the greatest common divisor of f and 18.
18
Let p(a) = -84*a - 479. Let f be p(-6). Let l be (7 - 2) + -2 - -2. Calculate the greatest common factor of f and l.
5
Let n be (22/45 - (-7)/63)*75. Suppose -179 = -2*q - 59. What is the highest common divisor of q and n?
15
Let b be 8/40 + (-2 - (-168)/10). What is the highest common divisor of b and 375?
15
Suppose 2*j = -5*r + 2, j + 0 - 1 = -5*r. Let z(u) = u + 81. Let i be z(r). Calculate the highest common factor of 9 and i.
9
Suppose -2*c + 2 = -6. Suppose -c*m = -24 - 32. Let b = -13 + m. Calculate the greatest common divisor of b and 7.
1
Let n(v) = -v**2 - 34*v - 88. Let q be n(-26). What is the highest common factor of q and 90?
30
Let l(b) = -2*b**3 - 41*b**2 + 22*b + 32. Let v be l(-21). What is the highest common divisor of v and 407?
11
Suppose -5*k - 3*l = -169 + 9, -4*k + 2*l = -106. Let z(y) = y**3 + 13*y**2 + 10*y - 26. Let h be z(-10). Calculate the highest common divisor of h and k.
29
Suppose 0 = -2*f + 10 + 46. Suppose r - 75 = g, -44*r + 3*g + 155 = -42*r. Calculate the highest common factor of r and f.
14
Let x = 164 - 152. Suppose 2*w = -5*p + 50, -p + 58 = 2*w - 0. Calculate the greatest common factor of w and x.
6
Suppose 3*x = 6*x - 297. Let l(i) = -i**3 - 3*i**2 + 9. Let j be l(-3). What is the greatest common factor of j and x?
9
Let k = 11 + -14. Let i be (-3)/(k/(-10)) - -2. Let g = i + 16. Calculate the highest common divisor of g and 72.
8
Let z = 49 - 29. Suppose -a = -5*x + 101, 0 = 4*x + 3*a - 5*a - 82. Calculate the greatest common divisor of z and x.
20
Let j = -15 + -3. Let m be (-418)/(-6) - 6/j. Suppose 0*w - 4*w + 56 = 0. Calculate the greatest common divisor of w and m.
14
Suppose 378 = 4*h + 10*h. What is the highest common divisor of h and 6?
3
Let i = 515 - 479. Calculate the highest common factor of i and 126.
18
Suppose 0 = -3*q - 2*z + 13, 4*q - q + 5*z - 28 = 0. Let r(m) = m - 4*m + 6 + m. Let x be r(2). What is the highest common divisor of x and q?
1
Let m be (-84)/(-15) + ((-4)/(-10) - 0). Suppose -m*d + 10 = -44. What is the greatest common divisor of 6 and d?
3
Let v be 4 - 11 - (1 + 398/(-1)). What is the greatest common factor of v and 39?
39
Let r = 54 + -54. Let f be 3 + (-4)/(2 + r) + 20. What is the highest common divisor of 6 and f?
3
Suppose 2*p - 50 = -4*y, 14*p = 5*y + 16*p - 61. Calculate the highest common factor of y and 11.
11
Suppose 4*y - r - 190 = r, 0 = -y + r + 47. Let p(z) = 2*z**3 - 24*z**2 - 20*z - 42. Let k be p(13). Calculate the greatest common factor of k and y.
12
Let g be (12/(-36))/(-1*1/18). Suppose 3*k + 8 = g*k + 2*y, y = -4*k + 9. Calculate the greatest common divisor of 22 and k.
2
Let o(g) = g + 4. Let r be o(2). Suppose -2*z - r = -12. What is the greatest common factor of z and 12?
3
Let s = 1035 - -900. Calculate the highest common factor of s and 43.
43
Let g = 28 + 35. Suppose -140 = 13*t - 18*t. Suppose -2*w + 22 = -3*a + 5*a, -4*a + 4*w + t = 0. Calculate the highest common factor of g and a.
9
Let j(y) = 3*y**3 - 5*y**2 + 7*y. Let t be j(2). Let i be -4*(0 + t/(-24)). Calculate the highest common factor of i and 3.
3
Suppose 18*w - 252 = -18*w. What is the greatest common factor of w and 35?
7
Suppose 5*i = -f + 3, 2*f + 7*i = 11*i + 76. What is the greatest common divisor of f and 70?
14
Suppose -3*u - 39 = -9. Let g = 19 - u. Suppose -2*o - 519 - 436 = -3*c, -c + 2*o = -317. Calculate the highest common factor of g and c.
29
Suppose -3*c - 2*c + 4*r = 20, -4*c = -r + 16. Let o(x) = x**3 + 4*x**2 - x + 12. Let s be o(c). Calculate the greatest common divisor of 48 and s.
16
Suppose 4*m = -b + 31, -m = 2*b + 41 - 138. What is the greatest common factor of b and 204?
51
Let t = 81 - -4. Let f = t - 73. What is the greatest common divisor of 3 and f?
3
Let n = 68 - -44. Let z = 113 - n. Calculate the highest common divisor of 2 and z.
1
Suppose 422 = 13*b - 488. What is the highest common divisor of 14 and b?
14
Suppose t - 49 = 6. Suppose 16 = -4*s + 16. Let k be (-44)/((s - -3) + -5). Calculate the highest common factor of t and k.
11
Let p(u) = -8*u - 196. Let n be p(-38). Suppose 0 = 2*z - 4*z + 6. Suppose -60 = -z*v - 2*v. What is the greatest common divisor of n and v?
12
Suppose 5*b + l = 754 + 98, -520 = -3*b - 5*l. Let s = 194 - b. Calculate the greatest common factor of 6 and s.
6
Suppose 2*u - 2*y - 34 = -6*y, 71 = 5*u + 3*y. Calculate the greatest common divisor of u and 143.
13
Let v = 62 - 41. Let n be 2/7 - (-246)/v. What is the highest common factor of 4 and n?
4
Let x = 105 - 57. Let m = -330 - -336. Calculate the highest common factor of x and m.
6
Let g be (24/10)/((-14)/(-35)). Let l = 7 - g. Let w be (l - -14)/((-7)/(-63)). What is the greatest common factor of 15 and w?
15
Let o = 78 - 111. Let h = o + 33. Let w be (36/(-3))/(-2 - h). Calculate the highest common factor of 18 and w.
6
Suppose 4*g + 39 = 7. Let o = g - -24. Suppose -8*f + 19*f - 704 = 0. What is the highest common factor of o and f?
16
Suppose -14*u = -6*u - 224. Let t be ((-39)/(-9) + -3)*(1 - -2). Calculate the highest common factor of u and t.
4
Let t = -35 - -45. Let f be 0/(3/(6/4)). Let m = f + t. What is the highest common factor of m and 110?
10
Let i(u) = u + 12. Let h be i(2). Calculate the greatest common divisor of 378 and h.
14
Let w(z) = -49*z - 304. Let x be w(-7). What is the highest common divisor of 6 and x?
3
Let t = -26 - -33. Suppose -2*v - t = -23. What is the highest common factor of v and 8?
8
Let u(t) = -28*t - 671. Let z be u(-32). What is the highest common divisor of 18 and z?
9
Let g(b) = -6*b**3 - 2*b - 1. Let z be g(-1). Let o be ((-8)/10)/(2/10) + 0. Let t be (31 + -17)/((-1)/o). What is the greatest common factor of t and z?
7
Let q(n) = n**2 - 4*n - 12. Let j be q(11). Let u(w) = -w**3 + 11*w**2 - 9*w + 3. Let z be u(10). Calculate the highest common divisor of j and z.
13
Let j(f) = 2*f**3 + 15*f**2 + 8*f + 12. Let u be j(-7). Calculate the highest common divisor of u and 160.
5
Let h = 167 + -50. Let f be 1/((-1)/13*-1). What is the greatest common factor of h and f?
13
Let s(w) = w**2 + 13*w - 67. Let a be s(-17). Suppose q + 5*r = 21, -3*q + 3*r - 61 = -8*q. Calculate the highest common factor of q and a.
1
Let u = 172 + -88. Let q = 72 + -51. Calculate the greatest common divisor of u and q.
21
Let p(f) = 23*f**3 - 2*f + 1. Let r be 6/15 + (-9)/(-15). Let c be p(r). Calculate the greatest common factor of c and 33.
11
Suppose -6*a = -2*a - 16. Suppose 5*h = -5*x + 2*h + 3603, 0 = -3*x - a*h + 2164. Suppose -x = -14*r + 4*r. Calculate the highest common divisor of 9 and r.
9
Let g = -1 + -6. Let l = g - -10. Let v be 3 + (l + 7 - 1). What is the greatest common factor of 132 and v?
12
Let t(n) = 6*n. Let o be t(-1). Let b be (-20)/15*o/(-4). Let k be 12610/60 + b/12. What is the highest common factor of 30 and k?
30
Suppose -4*s = 2*i + 32, 2*s + 4*i + 5 + 11 = 0. Let l(v) = v**3 + 7*v**2 - 11*v - 3. Let b be l(s). Calculate the highest common divisor of b and 3.
3
Let i(n) = 4*n - 21. Let w be i(8). Suppose 21*b + w = 22*b. What is the highest common factor of b and 66?
11
Let w be (0 - 8/(-5))/(356/4450). Let u be (-42)/(-4)*(-12)/(-9). Suppose -g + p = -p - u, -2*g = 2*p + 2. Calculate the greatest common divisor of w and g.
4
S